{"id":1574,"date":"2026-04-16T12:14:44","date_gmt":"2026-04-16T12:14:44","guid":{"rendered":"https:\/\/barbaracastro.com.br\/wordpress\/?page_id=1574"},"modified":"2026-04-16T12:14:44","modified_gmt":"2026-04-16T12:14:44","slug":"orientacoes-e-aulas","status":"publish","type":"page","link":"https:\/\/barbaracastro.com.br\/wordpress\/orientacoes-e-aulas\/","title":{"rendered":"Orienta\u00e7\u00f5es e aulas"},"content":{"rendered":"<h2>ORIENTA\u00c7\u00d5ES<\/h2>\n<p>Lista de orienta\u00e7\u00f5es de p\u00f3s-gradua\u00e7\u00e3o e trabalhos de conclus\u00e3o de curso orientados por mim <a href=\"https:\/\/www.esdi.uerj.br\/esdianos\/5878\/barbara-castro\">visite minha p\u00e1gina da ESDI<\/a><\/p>\n<h2>PROJETOS DE GRADUA\u00c7\u00c3O<\/h2>\n<p><img data-recalc-dims=\"1\" loading=\"lazy\" decoding=\"async\" data-attachment-id=\"1570\" data-permalink=\"https:\/\/barbaracastro.com.br\/wordpress\/oficinas\/museus\/\" data-orig-file=\"https:\/\/i0.wp.com\/barbaracastro.com.br\/wordpress\/wp-content\/uploads\/2026\/04\/museus.png?fit=1161%2C398&amp;ssl=1\" data-orig-size=\"1161,398\" data-comments-opened=\"0\" data-image-meta=\"{&quot;aperture&quot;:&quot;0&quot;,&quot;credit&quot;:&quot;&quot;,&quot;camera&quot;:&quot;&quot;,&quot;caption&quot;:&quot;&quot;,&quot;created_timestamp&quot;:&quot;0&quot;,&quot;copyright&quot;:&quot;&quot;,&quot;focal_length&quot;:&quot;0&quot;,&quot;iso&quot;:&quot;0&quot;,&quot;shutter_speed&quot;:&quot;0&quot;,&quot;title&quot;:&quot;&quot;,&quot;orientation&quot;:&quot;0&quot;}\" data-image-title=\"museus\" data-image-description=\"\" data-image-caption=\"\" data-medium-file=\"https:\/\/i0.wp.com\/barbaracastro.com.br\/wordpress\/wp-content\/uploads\/2026\/04\/museus.png?fit=300%2C103&amp;ssl=1\" data-large-file=\"https:\/\/i0.wp.com\/barbaracastro.com.br\/wordpress\/wp-content\/uploads\/2026\/04\/museus.png?fit=1024%2C351&amp;ssl=1\" class=\"aligncenter wp-image-1570 size-large\" src=\"https:\/\/i0.wp.com\/barbaracastro.com.br\/wordpress\/wp-content\/uploads\/2026\/04\/museus.png?resize=1024%2C351&#038;ssl=1\" alt=\"Imagem de captura de tela de um reposit\u00f3rio com quatro itens. Cada item tem uma imagem e informa\u00e7\u00f5es. &quot;Seja um paleont\u00f3logo&quot; &quot;Jogo das descobertas Museu Nacional Vive&quot; &quot;Se liga - Futuros Arte e Tecnologia&quot; &quot;Caixa Interativa para o Museu do Folclore&quot;\" width=\"1024\" height=\"351\" srcset=\"https:\/\/i0.wp.com\/barbaracastro.com.br\/wordpress\/wp-content\/uploads\/2026\/04\/museus.png?resize=1024%2C351&amp;ssl=1 1024w, https:\/\/i0.wp.com\/barbaracastro.com.br\/wordpress\/wp-content\/uploads\/2026\/04\/museus.png?resize=300%2C103&amp;ssl=1 300w, https:\/\/i0.wp.com\/barbaracastro.com.br\/wordpress\/wp-content\/uploads\/2026\/04\/museus.png?resize=768%2C263&amp;ssl=1 768w, https:\/\/i0.wp.com\/barbaracastro.com.br\/wordpress\/wp-content\/uploads\/2026\/04\/museus.png?w=1161&amp;ssl=1 1161w\" sizes=\"auto, (max-width: 1024px) 100vw, 1024px\" \/><br \/>\n<a href=\"https:\/\/labinfo-esdi.notion.site\/c9fee87b11924e168c233f3cbea77144?v=aed6d4d091254889bc4697539223d561&amp;pvs=143\">Acesse projetos de design de intera\u00e7\u00e3o, interfaces f\u00edsicas e museus.<\/a><\/p>\n<p><img data-recalc-dims=\"1\" loading=\"lazy\" decoding=\"async\" data-attachment-id=\"1571\" data-permalink=\"https:\/\/barbaracastro.com.br\/wordpress\/oficinas\/mmi1\/\" data-orig-file=\"https:\/\/i0.wp.com\/barbaracastro.com.br\/wordpress\/wp-content\/uploads\/2026\/04\/mmi1.png?fit=942%2C823&amp;ssl=1\" data-orig-size=\"942,823\" data-comments-opened=\"0\" data-image-meta=\"{&quot;aperture&quot;:&quot;0&quot;,&quot;credit&quot;:&quot;&quot;,&quot;camera&quot;:&quot;&quot;,&quot;caption&quot;:&quot;&quot;,&quot;created_timestamp&quot;:&quot;0&quot;,&quot;copyright&quot;:&quot;&quot;,&quot;focal_length&quot;:&quot;0&quot;,&quot;iso&quot;:&quot;0&quot;,&quot;shutter_speed&quot;:&quot;0&quot;,&quot;title&quot;:&quot;&quot;,&quot;orientation&quot;:&quot;0&quot;}\" data-image-title=\"mmi1\" data-image-description=\"\" data-image-caption=\"\" data-medium-file=\"https:\/\/i0.wp.com\/barbaracastro.com.br\/wordpress\/wp-content\/uploads\/2026\/04\/mmi1.png?fit=300%2C262&amp;ssl=1\" data-large-file=\"https:\/\/i0.wp.com\/barbaracastro.com.br\/wordpress\/wp-content\/uploads\/2026\/04\/mmi1.png?fit=942%2C823&amp;ssl=1\" class=\"aligncenter wp-image-1571 size-full\" src=\"https:\/\/i0.wp.com\/barbaracastro.com.br\/wordpress\/wp-content\/uploads\/2026\/04\/mmi1.png?resize=942%2C823&#038;ssl=1\" alt=\"Captura de tela das curadorias na p\u00e1gina OpenProcessing\" width=\"942\" height=\"823\" srcset=\"https:\/\/i0.wp.com\/barbaracastro.com.br\/wordpress\/wp-content\/uploads\/2026\/04\/mmi1.png?w=942&amp;ssl=1 942w, https:\/\/i0.wp.com\/barbaracastro.com.br\/wordpress\/wp-content\/uploads\/2026\/04\/mmi1.png?resize=300%2C262&amp;ssl=1 300w, https:\/\/i0.wp.com\/barbaracastro.com.br\/wordpress\/wp-content\/uploads\/2026\/04\/mmi1.png?resize=768%2C671&amp;ssl=1 768w\" sizes=\"auto, (max-width: 942px) 100vw, 942px\" \/><br \/>\n<strong>Curadorias de exerc\u00edcios de programa\u00e7\u00e3o criativa por calouros no OpenProcessing<\/strong><\/p>\n<ul>\n<li><a href=\"https:\/\/openprocessing.org\/curation\/86084\">2023 &#8211; ESDI 60 anos<\/a><\/li>\n<li><a href=\"https:\/\/openprocessing.org\/curation\/89560\">2024 &#8211; Festival da Matem\u00e1tica<\/a><\/li>\n<li><a href=\"https:\/\/openprocessing.org\/curation\/89646\">2025 &#8211; Mudan\u00e7as Clim\u00e1ticas &#8211; COP30<\/a><\/li>\n<\/ul>\n","protected":false},"excerpt":{"rendered":"<div class=\"entry-summary\">\nORIENTA\u00c7\u00d5ES Lista de orienta\u00e7\u00f5es de p\u00f3s-gradua\u00e7\u00e3o e trabalhos de conclus\u00e3o de curso orientados por mim visite minha p\u00e1gina da ESDI&hellip;\n<\/div>\n<div class=\"link-more\"><a href=\"https:\/\/barbaracastro.com.br\/wordpress\/orientacoes-e-aulas\/\" class=\"more-link\">Continue reading<span class=\"screen-reader-text\"> &ldquo;Orienta\u00e7\u00f5es e aulas&rdquo;<\/span>&hellip;<\/a><\/div>\n","protected":false},"author":1,"featured_media":0,"parent":0,"menu_order":0,"comment_status":"closed","ping_status":"closed","template":"","meta":{"_acf_changed":false,"jetpack_post_was_ever_published":false,"footnotes":""},"class_list":["post-1574","page","type-page","status-publish","hentry","entry"],"acf":[],"jetpack-related-posts":[],"jetpack_sharing_enabled":true,"_links":{"self":[{"href":"https:\/\/barbaracastro.com.br\/wordpress\/wp-json\/wp\/v2\/pages\/1574","targetHints":{"allow":["GET"]}}],"collection":[{"href":"https:\/\/barbaracastro.com.br\/wordpress\/wp-json\/wp\/v2\/pages"}],"about":[{"href":"https:\/\/barbaracastro.com.br\/wordpress\/wp-json\/wp\/v2\/types\/page"}],"author":[{"embeddable":true,"href":"https:\/\/barbaracastro.com.br\/wordpress\/wp-json\/wp\/v2\/users\/1"}],"replies":[{"embeddable":true,"href":"https:\/\/barbaracastro.com.br\/wordpress\/wp-json\/wp\/v2\/comments?post=1574"}],"version-history":[{"count":1,"href":"https:\/\/barbaracastro.com.br\/wordpress\/wp-json\/wp\/v2\/pages\/1574\/revisions"}],"predecessor-version":[{"id":1575,"href":"https:\/\/barbaracastro.com.br\/wordpress\/wp-json\/wp\/v2\/pages\/1574\/revisions\/1575"}],"wp:attachment":[{"href":"https:\/\/barbaracastro.com.br\/wordpress\/wp-json\/wp\/v2\/media?parent=1574"}],"curies":[{"name":"wp","href":"https:\/\/api.w.org\/{rel}","templated":true}]}}